y).
1
Let l(j) = j**3 + 4*j**2 + 3*j. Let p = -7 - -5. Let z be l(p). Let o(m) = 0 + 5 + 10*m + m**z - 3 - 4*m. Calculate o(-6).
2
Let b(k) = -k**3 - 5*k**2 + 8*k - 1. Let a(o) = -o**2 - 20*o + 63. Let i be a(3). Give b(i).
-13
Suppose 6 = 4*s - 18. Let a(g) = -2*g**2 + s*g**2 - 4*g**2 + g - g**2. Calculate a(0).
0
Let q(t) = -t**3 + 5*t**2 - 6*t + 2. Let l = -1580 - -1584. Give q(l).
-6
Let z(t) = -t**2 - t - 1. Let k be z(-1). Let s be (k + 1)/((-4)/2). Let l(v) = v + 5*v**3 - 6 + 2 - 4*v**3 + 4*v**2 - 5*v**2. What is l(s)?
-4
Suppose -2*a + 18 = 14. Let k(s) = -15*s + 16*s - a + 3 + 18*s. Calculate k(1).
20
Let w be (-1)/(((-68)/(-510))/((-4)/(-6))). Let a(s) be the third derivative of -s**5/60 - s**4/4 - s**2. Calculate a(w).
5
Let j(d) be the first derivative of d**4/8 + d**3/2 - 8*d**2 - 13. Let l(s) be the second derivative of j(s). Determine l(-2).
-3
Let m(a) = 1. Let i(r) = r**3 - 7*r**2 + 2*r - 11. Let h(b) = i(b) + 2*m(b). Determine h(7).
5
Let j(w) = -w + 2*w - 9 - 2*w. Suppose -166 = 4*x - 3*b, -5*x + b + b - 204 = 0. Let f = x - -40. Determine j(f).
-9
Let f(o) be the third derivative of -o**5/60 - o**4/4 - 2*o**3/3 + o**2. Suppose 0 = 78*m - 73*m - 3*h + 31, 4*h - 3 = -m. Give f(m).
1
Let y(q) = -7*q**2 - 8*q + 6. Let l(j) = 8*j**2 + 7*j - 10. Let r(v) = 6*l(v) + 7*y(v). Determine r(-12).
6
Let w(k) = 621*k + k**2 - 14 + 23 - 622*k. Determine w(0).
9
Let r(g) = 22*g + 338. Let l be r(-15). Let b(x) = -3*x - 20. Determine b(l).
-44
Let h(p) = -6*p + 57*p + 2 - 34*p. Calculate h(1).
19
Let l(w) be the first derivative of -1/24*w**4 - 1/40*w**5 + 2 + 0*w + w**3 + 1/360*w**6 + 0*w**2. Let o(p) be the third derivative of l(p). What is o(4)?
3
Let a(x) = x**2 - x - 2. Suppose 5*r - 241 = -2*i, -r + 2*i - i = -51. Let j be 4/(-14) + 749/r. Let n be 2/15 - 2/j. Give a(n).
-2
Let u(y) = -y**2 + y + 2. Let l(q) = -5*q**2 - q - 1. Let t be l(1). Let w be t/1*(-8)/28. What is u(w)?
0
Let a = 32 + -26. Let b(r) = 8*r**2 + r - 4. Let d(m) = 9*m**2 + m - 4. Let k(l) = a*d(l) - 7*b(l). Give k(-3).
-11
Let q(l) = -4*l**2 - 10*l - 6. Let k(y) = -y**2. Let z(n) = 3*k(n) + q(n). Let b(v) = -6*v**2 - 9*v - 5. Let w(p) = 6*b(p) - 5*z(p). Calculate w(-7).
-21
Let n(o) = -o**2 - 2*o**2 - 6*o + 0*o**2 + 4*o**2 - 44. Determine n(10).
-4
Let j(p) = -p**2 - 4. Let f be (-30)/(-4) - (-2 - 28/(-8)). Let i = -5 - -10. Suppose 0 = i*h + 2*s - 9, -5*s - f = 2*h - s. What is j(h)?
-13
Let j(z) = -z**3 + 4*z**2 + 6*z - 1. Let p be (-1)/(7/(-14)) - -3. Determine j(p).
4
Let j(i) = i**3 + 4*i**2 + i + 2. Let h(v) = 5*v**2 + 4*v - 4*v**2 - 4*v - v + v**3. Let s be h(-2). Determine j(s).
8
Let w(k) = 16*k + 59. Let q be w(-4). Let c(p) = 3*p**2 + 2 + 3*p + 4*p - 2*p**2. Determine c(q).
-8
Let g(b) = -2*b**3 + 5*b**2 - 10*b - 1. Let v(l) = -l**3 + 3*l**2 - 5*l - 1. Let j(h) = -4*g(h) + 9*v(h). What is j(6)?
1
Let v(y) = -y**3 - 6*y**2 - 8. Let t(g) = 24*g + 2 - 2*g**2 - 8 + 0. Let z be t(12). Determine v(z).
-8
Let j = -3 + 1. Suppose 0 = -2*i + 2 - 6. Let u(f) = f. Let q(v) = 2*v + 1. Let y(r) = i*u(r) - q(r). Give y(j).
7
Let v(t) = -11 + 5 + 0*t - 3*t. Let f be ((-1)/(-3))/((-2)/24). What is v(f)?
6
Let w(a) = a**3 + 5*a**2 + 2*a + 5. Suppose -8*u + 15 = -11*u. Let q be w(u). Let h(x) = x + 1. What is h(q)?
-4
Suppose 0 = 2*m + 20 - 2. Let u(t) = 5*t + 23. Let c(w) = -14*w - 66. Let f(p) = -4*c(p) - 11*u(p). Calculate f(m).
2
Let h(n) = n**3 - 3*n**2 + n - 3. Let t be -2 - (-9 - -1 - -2). Suppose 2*a + t*q + 8 = 0, -a + 4 = 4*a + 4*q. Suppose a*f - 12 = -0. Determine h(f).
0
Let q(n) = -n**2 - 6*n - 8. Let i = 465 - 471. What is q(i)?
-8
Let q(d) = d**2 - 11*d + 10. Suppose -4*i = -b - 3*i - 5, -4*b = -3*i + 15. Let x(h) = 0*h + h + b - 1 + 0*h. Let u(v) = q(v) + 6*x(v). Calculate u(3).
-2
Suppose 2*b + 4*r - 28 = 0, 5*b + 5*r + 1 - 51 = 0. Let a(x) = -x**3 + 6*x**2 - 3*x - 6. Determine a(b).
-24
Let m(k) be the third derivative of 0*k + 1/12*k**4 + 1/10*k**5 + k**2 - 1/2*k**3 + 1/120*k**6 + 0. What is m(-3)?
18
Let g(n) = -3*n**3 + n**2 - 7*n + 5. Let v(y) = -5*y**3 + y**2 - 11*y + 8. Let q(z) = 8*g(z) - 5*v(z). Give q(-3).
3
Suppose 0 = i - h + 99, 7 = 2*h + 5. Let x = i + 99. Let g(s) be the second derivative of -s**3/6 + s. Calculate g(x).
-1
Let h(b) = -b**2 + 2*b**2 + 4*b - b - 2. Let p(y) = 141*y + 842. Let j be p(-6). Calculate h(j).
2
Let q(i) = i + 38. Suppose 0*v + 5*u + 25 = 4*v, 0 = 4*u + 20. What is q(v)?
38
Let d(s) = -3*s - 5. Let a(f) = -10*f + 144. Let u be a(14). Calculate d(u).
-17
Let c(f) = -f + 2. Suppose 10*w + 136 = 56. Give c(w).
10
Let w(t) be the first derivative of -t**5/120 + t**4/8 + 11*t**3/3 + 13. Let s(j) be the third derivative of w(j). Suppose g = 3*g - 10. Determine s(g).
-2
Let h(m) = -2*m + 6. Let b be -2 - 1 - (22/(-11) + -8). Calculate h(b).
-8
Suppose -2*o - 258 = -4*v, 4*v + 4*o - o = 253. Let u = -65 + v. Let f(l) be the third derivative of l**4/24 + l**3/6 - 2*l**2. Give f(u).
0
Let l(g) be the first derivative of -13*g**3/3 - g**2 - g - 75. Give l(-1).
-12
Let a = -364 - -360. Let k(h) = 3*h + 7. Give k(a).
-5
Suppose 0 = -2*p + 3 + 3. Let y(b) = 6 - 2 - p + b + 6. What is y(-6)?
1
Suppose 3*w + 24 = 3*c, 0*c - 2*w - 11 = -c. Let a = 9 - -1. Let m(v) = a*v - v - c*v. What is m(-1)?
-4
Let l = -1583 - -1585. Let d(j) = j**3 - j**2 - 2*j + 1. Give d(l).
1
Let h be (-2)/8*-2*-12. Let w(s) = -s**2 - 3*s + 1. Let j(o) = o + 1. Let u be j(-5). Let y(f) = f**2 + 2*f - 1. Let r(v) = u*w(v) - 3*y(v). Calculate r(h).
-1
Suppose 5*j + 2*q + 39 = 0, -j - 4*q = 19 - 4. Let z(l) = -l - 9. Give z(j).
-2
Let j(u) = u**3 - 7*u**2 - u - 2. Let a be j(7). Let z = a + 16. Suppose -c = -4 + z. Let p(t) = t**3 + t**2 - 5*t - 3. Calculate p(c).
-6
Suppose -4 = -7*f + 10. Let s(u) = u**f + 10 - 1 + 6. Determine s(0).
15
Let a(j) = -13 + 3 - 12*j**3 + 9 - j. Calculate a(-1).
12
Let t(d) be the second derivative of d**3/2 - 9*d**2/2 + d + 207. Determine t(4).
3
Let d be 1 + -2 - 0/(-4). Suppose -11 + 2 = 3*g, -15 = -4*j + 5*g. Let b(v) = j*v**2 + 7*v + 2*v**2 - 6*v**3 - 6*v. Determine b(d).
7
Let o(g) = g**2 + 3. Let y(j) = 3*j**2 - j + 7. Let n(r) = -5*o(r) + 2*y(r). Suppose 51*h + 161 = 59. Give n(h).
7
Let t(a) be the first derivative of a**2/2 - 10*a + 52. Give t(6).
-4
Let x(k) = -6*k. Let j be 10/(-5) + 4 - (-35)/(-7). Calculate x(j).
18
Let y(v) = v + 50 - 20 - 22. Let o = -53 + 90. Suppose 5*m = 7 - o. Determine y(m).
2
Let b(r) be the second derivative of r**2 - 13*r + 5/6*r**3 + 0. Determine b(3).
17
Let s(f) be the first derivative of f**6/180 - f**5/120 - 4*f**3/3 + 4. Let q(t) be the third derivative of s(t). Let h be 3/4 + (-198)/72. What is q(h)?
10
Let x(l) be the third derivative of -l**4/12 + 2*l**2 - 53*l. Suppose 3*i - 15 + 3 = 0. Determine x(i).
-8
Suppose -113*b = -104*b + 54. Let i(l) = -7*l**2 - 13*l + 6. Let u(c) = -6*c**2 - 12*c + 6. Let p(n) = -5*i(n) + 6*u(n). Determine p(b).
12
Let r(m) = m**2 - 2. Suppose -10*l + 88 = 108. Calculate r(l).
2
Let t = -24 + 20. Let w(h) = 6*h**2 - 3*h - 1. Let l(m) = -17*m**2 + 9*m + 2. Let o(s) = t*l(s) - 11*w(s). Determine o(2).
5
Suppose -4*c + 7 = 4*k - 3*c, 3*c - 5 = -4*k. Let z be ((-33)/22)/(1/k). Let o(j) = j**3 + 4*j**2 + j - 3. Give o(z).
3
Let u be (-6)/(-9) + (-50)/(-15). Suppose -5*g = 25, -3*t - u*g = g + 28. Let h(w) = 7*w**3 + w**2. Determine h(t).
-6
Let l be (-3 - -13)*2/(-4). Suppose 0 = -5*o + 16 + 9. Let p(m) = 3*m**3 + m**3 + o*m**2 + 1 - 3*m**3. Give p(l).
1
Let k(y) = 4*y**2 - 67*y**3 + 3*y + 143*y**3 - 75*y**3 + y + 4. What is k(-4)?
-12
Let y = -32 - -33. Let k(b) = -3 + 14*b - 12*b - 7 + y. What is k(7)?
5
Let n(m) be the second derivative of m**6/10 - m**5/60 - m**4/12 - m**3/6 + 3*m**2/2 - 9*m. Let h(g) be the first derivative of n(g). Determine h(-1).
-12
Suppose -5*o + 36 = o. Let p(j) be the first derivative of 1 - 2 - o*j + 10*j - 5*j + 4*j**2. Determine p(1).
7
Suppose 2*l + 37 = 7*c - 2*c, c = l + 11. Let w(y) = -2*y - 5. Determine w(l).
7
Let l = -11 + 16. Let h = l - 1. Suppose -3*r + 4*g - 6 = 0, 4*r - h = 2*g - 12. Let o(d) = -d**2 + 4*d + 3. What is o(r)?
-9
Let w(x) be the third derivative of -x**5/60 + x**3 + 34*x**2 + 2*x. Give w(-2).
2
Let q(w) be the first derivative of -w**2/2 - w - 68. Calculate q(-6).
5
Let p(q) = 14*q - 8. Let f(n)